 + 3. List the prime factors of m(t).
3, 11
What are the prime factors of (-7)/((-77)/110) + 2397?
29, 83
Suppose 0 = d - 5*y - 8, -5*d - 2*y - 2*y = -11. Suppose d*s + 3*s = 516. Suppose 10 = -3*c + 4*u + 144, -2*c + 2*u = -s. What are the prime factors of c?
2, 19
Let q be (11412/90)/(2/30*3). Let d = 170 + q. What are the prime factors of d?
2, 3, 67
Let v = 2313 + -2305. Let w(q) = -12*q + 20. Let i(l) = 35*l - 61. Let m(d) = -2*i(d) - 7*w(d). What are the prime factors of m(v)?
2, 47
Let s(j) = -j**2 + 6*j + 15. Let l be s(6). Suppose -l*u - 36 = -12*u. List the prime factors of (6/4)/(u/(-160)).
2, 5
Suppose -11 = 3*c + 1. Let t be 390/6 - (c + 3). Suppose -24*v + t = -18*v. What are the prime factors of v?
11
Let l(f) = f**3 + 3*f**2 - 18*f + 5. Let g be l(-6). Suppose 0 = g*m - 3*m - 534. List the prime factors of m.
3, 89
Let w(x) = -2*x**3 + 5*x**2 + 27*x + 132. What are the prime factors of w(-15)?
2, 3, 7, 181
Let h(v) = 2*v**2 + 44*v - 5. What are the prime factors of h(52)?
7691
Let o = 879 + -621. Suppose 257*c + 812 = o*c. List the prime factors of c.
2, 7, 29
Let q = 148 + -81. Let c = q - 68. List the prime factors of 4*(0 + c) - -132.
2
Suppose -5*c + z + 48824 = 0, -3*c + 9576 = -2*z - 19724. List the prime factors of c.
2, 2441
Let m(g) = -381*g**3 - 8*g**2 + 17*g - 8. What are the prime factors of m(-3)?
2, 2539
Let i = -98146 - -142965. What are the prime factors of i?
44819
Let k = 243 - 237. Suppose -2*w + 1070 = 4*a, 0 = 2*w - k*a + 7*a - 1070. List the prime factors of w.
5, 107
Let a = -271 + 293. What are the prime factors of (-11)/(a/(-1312)) - -1?
3, 73
Let f = 16693 - 2358. List the prime factors of f.
5, 47, 61
Let d(k) = 17*k**2 - 5*k - 5. Let w be d(-1). Suppose 0 = -22*t + w*t + 2475. Suppose -t - 819 = -6*j. List the prime factors of j.
3, 73
Suppose -78 = 68*i - 74*i. Let j(y) = 2*y. Let a be j(7). Suppose -a*u + i*u = -82. List the prime factors of u.
2, 41
Let s(z) be the third derivative of -43*z**4/4 + 76*z**3/3 + 92*z**2. List the prime factors of s(-4).
2, 37
Let d(v) = -v**2 + 5*v + 5. Let g = -11 + 13. Suppose -n + 21 = 2*n + 3*o, 0 = o - g. List the prime factors of d(n).
5
Suppose 5*g + 128 = 5*w - 2*w, 4*w - 140 = -g. Let k(r) = 2*r**2 + 12*r - 1. Let y be k(-6). List the prime factors of 3105/w - y/(-4).
2, 43
Suppose -2*a = -5*a - 4*a + 332087. List the prime factors of a.
47441
Let g be -4*(18*(-54)/144 + 6*1). Let c be (-3 + 1)/((-4)/1150). Suppose 0 = -5*y + 3*w + c, 2*y + g*w + 0*w - 251 = 0. List the prime factors of y.
2, 59
Suppose 0*b = b - 3. Suppose -4*j = b*c - 322 - 785, c - 278 = -j. Suppose -g = 98 - j. What are the prime factors of g?
5, 7
Suppose -4*p = 3*s + 75, -4*p = -4*s - 7*p - 107. Let n be 4/2 + 68 + 2. Let k = n + s. What are the prime factors of k?
43
Let w(x) = 41*x**3 + x**2 + x - 2. Let a be w(1). Let j = 66 - a. Let f = j - -79. List the prime factors of f.
2, 13
Suppose 148 = 4*a - 2*o, 3*a - 129 = -0*a - 3*o. List the prime factors of (-21)/(-2)*416/a.
2, 7
Suppose -4*p = 3*k + 10 - 3, 2*p + k + 1 = 0. Suppose -401 = -t + p*f, 0*f = 4*f - 4. What are the prime factors of t?
13, 31
Let l = 778 + -707. What are the prime factors of l?
71
Suppose 3*t = o + 61, 0*t - 5*t + 2*o + 100 = 0. Suppose -t*f - 24 = -26*f. Suppose -618 = -f*l - 54. List the prime factors of l.
2, 47
Suppose 0 = -7*c - 14. Let i be c*146/6*(-6)/4. Let b = i - 14. List the prime factors of b.
59
Let f = -5 + -7. Let d be f/(-5) - 18/45. Suppose -5*p = 3*s - 296, -d*s = s - 5*p - 286. What are the prime factors of s?
97
Let c(t) = 6*t**2 + 3*t - 2. Let r be c(-4). Suppose -r = -4*p + 2*j, -5*j - 63 = -3*p - 2*j. List the prime factors of p.
2, 5
Let k(m) be the second derivative of 31*m**3/6 - 12*m**2 + 10*m. Let a be k(-6). Let x = -97 - a. List the prime factors of x.
113
Suppose 4*l + 35 = 3*l. Let y = l + 38. Suppose -2*w = -4*f + 46, -3*f + 57 = -0*w + y*w. List the prime factors of f.
2, 7
Suppose -1185 = -13*s + 739. Let j = 258 - s. List the prime factors of j.
2, 5, 11
List the prime factors of (-115)/15*-3489 - (5 + 1).
47, 569
Suppose -34*i - 9973 - 1077 = 0. Let a = -20 - i. List the prime factors of a.
5, 61
Suppose 17*b - 1122 = -0*b. Let z = b - -843. List the prime factors of z.
3, 101
Suppose 20 = -5*m + 2*j, -15*j + 16*j - 1 = -2*m. What are the prime factors of ((-6)/(-4) + -1 + m)*-364?
2, 3, 7, 13
Suppose 4*v = 50*c - 48*c + 5226, -4*v + 5231 = -3*c. What are the prime factors of (-4 - v/(-16))*2?
5, 31
Let s be 11 + (192/(-3))/8. Suppose 20*o = -s*o + 24311. List the prime factors of o.
7, 151
Let o(b) = 98*b + 1070. Let c be o(-10). Suppose 0 = 3*g + 4*p - 31, 3*p - 7 = -g + 5*p. Let i = g + c. What are the prime factors of i?
3, 11
List the prime factors of (21/9*3)/(756/2651076).
24547
Suppose -305 = 3*l - 4*t, -5*l + 0*t - 515 = -5*t. Let r = -107 - l. Suppose r*s - 409 = -3*a + 2*s, 0 = a - 4*s - 133. What are the prime factors of a?
137
Let q = 4534 - 2645. What are the prime factors of q?
1889
Let x(n) = n**2 - 15*n - 15. Let p(a) = -a**2 - a - 8. Let l be p(-4). List the prime factors of x(l).
5, 137
Suppose 8*b - 9*b = -2. Suppose -2*x - 12 = b*c, -24 + 6 = 2*c + 4*x. What are the prime factors of (2 + 68/c)*6/(-4)?
31
Suppose -72 + 40 = -4*a. Let z be (-6 + 44/8)/((-1)/a). Suppose -5*i = -4*u - 350, u - z*u = 3*i - 237. List the prime factors of i.
2, 37
Suppose -q + 2*l + 40 = 0, 3*q = -5*l + 74 + 24. List the prime factors of -3*((-8548)/q + 2/(-9)).
23, 31
Let n(p) = -6*p + 50. Let v be n(8). Suppose 0 = -0*f - 5*f + 95. Suppose v*z - 13 = f. List the prime factors of z.
2
Let j = 492 - 489. Suppose -3*f = 2*r - 2117, r = -r + j*f + 2123. List the prime factors of r.
2, 5, 53
Let t = 51292 - 20948. What are the prime factors of t?
2, 3793
Suppose 6*i + 102 = -546. Let d(h) = 2*h**3 - h**2 + 3*h + 4. Let r be d(-3). Let k = r - i. List the prime factors of k.
2, 5
Let u(q) = q**2 + 247. Suppose 3*y = -5*d + 12, 9*d = 12*d - 4*y + 16. What are the prime factors of u(d)?
13, 19
Suppose -5*m = -5*r - 280, -50 = r + m + 4*m. List the prime factors of (0 - (-164)/(-10))/(22/r).
41
Let y = -1046 - -1046. Let z(o) = o**3 + 2*o**2 + 3*o + 376. List the prime factors of z(y).
2, 47
Let g(t) = 2*t**2 + 153*t - 33. List the prime factors of g(14).
41, 61
Suppose -68221 = -w - 3*u, 12*u - 204698 = -3*w + 10*u. List the prime factors of w.
2, 7, 2437
Let l(v) = -26*v - 242. Let b be l(-19). Let z(g) = -7*g**2 + 4*g + 2. Let t be z(-3). Let q = b + t. What are the prime factors of q?
179
List the prime factors of (657/(-18)*14)/((-6)/114).
7, 19, 73
Let t be (1 - 11*-10) + -4. Let j = t - -74. What are the prime factors of j?
181
Let k be (-2 - (-4 - 0))/(6/1293). Let n = -275 + k. Let f = 290 - n. What are the prime factors of f?
2, 67
Let f(r) = 71*r - 5. Suppose 19*s = 14*s + 20. Suppose -3*c + 15 = 5*z, s*z - 3*z - 2*c = 3. List the prime factors of f(z).
2, 13
Suppose -16*r = -52 + 4. Suppose -2*b = -2, 0 = -0*t - 2*t - r*b + 1149. List the prime factors of t.
3, 191
Suppose -26*m = -68*m. Let s be (-9)/(-12) - (-2)/8. List the prime factors of s*((m - 2) + 165).
163
Let h = 3720 + -2150. Suppose -4*r - h = -3*v, 0 = -9*v + 4*v - r + 2609. Suppose 0*f = 4*b + 2*f - v, -2*b = 3*f - 259. What are the prime factors of b?
131
Suppose 30900 = 4*p - 1751 - 20745. List the prime factors of p.
7, 1907
Suppose -90*l - 51*l = -113*l - 282100. List the prime factors of l.
5, 13, 31
Let i(c) = -2*c**3 + 59*c**2 + 170*c - 4. What are the prime factors of i(27)?
8231
Suppose -5*k - 68*z + 71*z = -25659, -15375 = -3*k - 5*z. List the prime factors of k.
2, 3, 5, 19
Let j = 19 - -55. Suppose 10*z - 146 = j. What are the prime factors of z?
2, 11
Suppose 0*k = 3*k - 1404. Suppose 2*j + 5*r = 1472, 3*j - 5*r = 1765 + k. What are the prime factors of j?
3, 13, 19
What are the prime factors of -10 + (-66148)/(-12) - 2/6?
2, 3, 7, 131
Let h(z) = z**3 - 16*z**2 - 21*z - 43. Let b be h(19). Suppose -179 = -5*j + b. List the prime factors of j.
2, 41
Let l be (-856)/(-321)*-3*(-9 + -1). Suppose 4*z - 5950 = -l*y + 78*y, 5915 = 4*z - 5*y. What are the prime factors of z?
3, 5, 11
Let c = 5 + -4. Let d be (74/8 + c)/(1/4). Let h = 202 - d. What are the prime factors of h?
7, 23
Suppose -4*s 